b**2 - 16*b + 7. Suppose 0 = -25*k + 22*k + 18. Give u(k).
19
Suppose 0 = -s + 2. Let m(f) = -1 + 2*f**2 + 11*f**3 - f**s - 4*f**3. Let i(p) = p**3 - 4*p**2 - 15*p + 19. Let o be i(6). Determine m(o).
7
Let k(q) = q**3 - 7*q**2 - 3*q + 8. Let h be k(7). Let i = 11 + h. Let c be 4/(1/((-1)/i)). Let n(w) = -3*w**2 - w + 1. Give n(c).
-13
Let c(i) = -7*i + 2. Let l be -62 - 0 - 0 - 3. Let b = 16 + l. Let z be b/(-28) - (-2)/8. What is c(z)?
-12
Let h(x) = -6*x - 11. Let f(a) = 5*a + 10. Let r(w) = 5*f(w) + 4*h(w). Let i be r(-3). Let u(b) = -b + i*b - b**3 + 3 + 0*b. Calculate u(-2).
7
Let c(z) be the second derivative of 2*z**3/3 - z**2 - 56*z + 2. Determine c(-2).
-10
Let j be (16/12)/(4/6). Let x(b) = -520 - 2*b - b**j - 5*b + 515. Suppose -5*c = 2*v + 9, c - 16 = 2*v - c. Give x(v).
-5
Let o(s) = s. Suppose 0 = -10*x + 9 + 1. What is o(x)?
1
Let g(p) = -p**3 - 6*p**2 - 2*p - 6. Suppose 10*s - 20 = 5*s. Suppose 0*y = -s*v + 4*y - 20, 4*v - y = -23. Determine g(v).
6
Let r(c) be the second derivative of 0 - 1/6*c**3 - 2*c**2 - 9*c. Give r(5).
-9
Let l(h) = h**3 - 28*h**2 + 25*h + 47. Let w be l(27). Let v(f) = -f**3 - 7*f**2 + 2*f + 7. Give v(w).
-7
Let g(a) be the third derivative of -a**4/24 + 14*a**2. Let w be 1/(2/(5 - 1)). Let x = w + 1. Give g(x).
-3
Let s(r) = 4*r + 3. Let p(t) = -5*t**2 + 20*t + 11. Let b(d) = -4*d**2 + 20*d + 12. Let u(j) = 6*b(j) - 5*p(j). Let x be u(-19). What is s(x)?
-5
Suppose -4*g = -9*g + 15. Let j be -2*g/(-6)*5. Let d(b) = -b**3 + 4*b**2 + 5*b + 2. Determine d(j).
2
Let n(r) = -r**3 - 11*r**2 + 13*r + 14. Let g be (8/10)/((-6)/90). Let o be n(g). Suppose 0 = -o*l - l + 3. Let a(t) = 10*t**2 + t. Determine a(l).
11
Suppose 2*m = -5*n - 19, -5*m + 2*n - 43 = -39. Let i(v) = v**3 + v**2 + 2*v. Give i(m).
-8
Let v(h) = -h**2 - 15*h + 34. Let s(b) = -b**2 - 36*b - 85. Let n be s(-34). Determine v(n).
0
Let j(p) = p**3 - 3*p**2 - 7*p + 9. Suppose 26*z + 3 - 107 = 0. Calculate j(z).
-3
Let g(r) be the first derivative of r**2 - 6*r - 213. Give g(6).
6
Let h(t) = 12 + t**3 - 7*t**2 + 135*t - 24*t - 123*t. What is h(8)?
-20
Let l = -5 + 10. Suppose l = -0*u - u. Let z(b) be the first derivative of b**3/3 + 3*b**2 - 3*b - 1. What is z(u)?
-8
Let q = 17 - -15. Let t = q + -26. Let v(g) = t - 6 + g - 7 - 1. Calculate v(8).
0
Let f(w) be the third derivative of w**6/60 + w**5/20 - w**4/8 + 9*w**2. Suppose -6 = 12*l - 10*l. Give f(l).
-18
Suppose 21 = 3*y + 4*o - 3*o, 2*o = y - 7. Let i(v) = -v**2 + 7*v + 2. Determine i(y).
2
Let c = 3 - 2. Let k(n) = -2*n - 1. Determine k(c).
-3
Let x(g) be the third derivative of g**5/60 - g**4/2 + g**3/2 - 221*g**2. Determine x(10).
-17
Let a(s) = -s**2 + 2*s + 2. Suppose 4*b + 151 = 163. Determine a(b).
-1
Let v(t) = -t**2 - 9*t + 15. Let n(r) = r**2 - 23*r - 11. Let y be n(23). Calculate v(y).
-7
Let o(t) be the second derivative of -t**5/20 + 2*t**4/3 - 7*t**3/6 + t. Let a(c) = -c**2 - 4*c + 19. Let j be a(-6). Calculate o(j).
0
Suppose 0 = 28*n - 23*n - 5. Let k(r) = r. Let v(f) = -8*f - 3. Let p(q) = n*v(q) + 6*k(q). Determine p(-4).
5
Let y = -13 + 11. Let b(t) = 2*t - 9. Let w(z) = z - 8. Let j(u) = y*b(u) + 3*w(u). Let d be 8/(-24) + (-17)/3. What is j(d)?
0
Let y(z) = z. Let n(o) = -o + 3. Let s(w) = w**2 - 12*w - 27. Let b be s(14). Let i(u) = b*y(u) - n(u). Determine i(3).
3
Suppose -12 = -2*f + 2. Let y(u) = u**3 - 8*u**2 + 7*u + 2. Let x be y(f). Let a(j) = 5*j + 2 - j**3 - 6*j - 3*j + 3*j**x. What is a(3)?
-10
Suppose 12*p = 28 + 56. Let g be (5 - p) + 6/2. Let s(l) = -24*l**2 - l. Give s(g).
-25
Let v(h) be the second derivative of 1/2*h**2 + 0 - h**3 + 1/12*h**4 - 15*h. Give v(7).
8
Let q(t) be the third derivative of t**6/60 + t**5/30 + t**4/24 - 349*t**2 + 2. Give q(-2).
-10
Let d(y) be the second derivative of -y**5/20 - y**4/3 + y**3/6 - y**2/2 + 2*y - 13. What is d(-4)?
-5
Let p(b) = -3*b + 3. Suppose -7*m + 4*m + 15 = 0. Let u(t) = -7*t + 7. Let c(g) = m*p(g) - 2*u(g). Suppose w = -3*j - 2*j, 0 = 5*w + 25. Determine c(j).
0
Let x(j) = -j**3 - j**2 - j + 1. Let n = -275 + 275. Determine x(n).
1
Let i = 18 - 16. Let n be (35/(-14))/(i/(-4)). Let z(l) = -3*l + 7. Determine z(n).
-8
Let j(t) be the third derivative of -t**7/1260 + t**6/240 - t**5/60 + t**4/4 - 7*t**2. Let f(d) be the second derivative of j(d). Determine f(3).
-11
Suppose q + 3*q - 8 = 0. Suppose 4*p - 37 = -5*n, -3*p + n - q = -2*p. Let j(v) = -22*v - p + 14*v + 10*v. What is j(5)?
7
Suppose 2*o = 3*o. Suppose 5*p = 3*d - 24, -d + p = -6 - o. Let k(z) be the third derivative of -z**4/12 - 106*z**2. Calculate k(d).
-6
Suppose 0*l - 3*l - 15 = 0, -3*l = w + 15. Suppose -7*h - 15 + 64 = w. Let r(v) = v - 2. Determine r(h).
5
Let o = -308 - -314. Let y(u) = u**3 - 7*u**2 + 6*u + 7. What is y(o)?
7
Let l be (-1)/(2 - 9/4). Suppose 5 = 2*t + 5*r - 15, 4 = t + l*r. Let x = 25 - t. Let m(s) = -s**3 + 6*s**2 - 3*s. Determine m(x).
10
Suppose 0*m + 18 = 2*m + a, m = -a + 11. Suppose -m + 37 = 5*b. Let s(k) be the third derivative of k**6/120 - k**5/10 - k**4/24 - 2*k**3/3 - k**2. Give s(b).
-10
Let h(m) = 4*m**3 - m - 2. Let l(j) = 7*j**3 + j**2 - 2*j - 5. Let f(w) = 5*h(w) - 2*l(w). Give f(-1).
-7
Let k(j) = j**3 - 7*j**2 + 3*j + 12. Let u be k(6). Let c be ((-10)/u)/(50/180). Let p(g) = g**2 - 7*g - 4. What is p(c)?
-10
Suppose 5*s - 5*q = -10, -4*s = -7*s - 5*q + 34. Suppose 0 = -2*g + 6*p - 9*p - 7, -4*g - 3*p + 1 = 0. Let y(b) = -b**s - 9*b - g*b**3 + 8*b. Give y(-1).
6
Let q(w) = w + 5. Let z(x) = -2*x - 8. Let r(h) = 8*q(h) + 5*z(h). Let d(m) = m**2 + m**3 - m - m**3 - 4 + m**3. Let l be d(0). Determine r(l).
8
Let k(m) = -8*m**2 - 28*m**3 - 14 + 29*m**3 + 3*m - 2*m**2. Calculate k(10).
16
Let j(t) = 3*t + 32. Let x(y) = -y - 10. Let f(i) = -2*j(i) - 7*x(i). Determine f(-7).
-1
Let o(b) = b + 13. Suppose 95 = -5*k - 5*h - 5, -4*k - 48 = -4*h. Calculate o(k).
-3
Let r(j) be the first derivative of j**7/840 - j**6/72 + j**5/20 - j**4/24 - 13*j**3/3 - 3. Let h(y) be the third derivative of r(y). What is h(4)?
7
Let x(h) = 4*h. Let i be x(1). Suppose 2*o - 3*n + n = i, -3*o + n = 0. Let j(g) = -4 - 7*g + 2 + 3. Calculate j(o).
8
Let d(x) be the third derivative of 0*x - x**3 - 1/6*x**4 - 6*x**2 + 0. Suppose b - 6*b - 5*z = 45, 3*b - 13 = 5*z. Determine d(b).
10
Let t(p) = 21*p**2 - 6*p**2 - 8*p**2 + 13*p + 6 - 5*p**2. Calculate t(-9).
51
Let i(g) = 6*g + 5. Let t(v) = -v - 1. Let w(l) = 2*i(l) + 11*t(l). Give w(-9).
-10
Suppose d + k = 5 - 6, 0 = d + 2*k - 1. Let a(y) = 6*y**2 - 3*y - 1. Give a(d).
62
Let y(j) = -j - 1. Suppose -t + 6 = 4*o - 12, -4*t + 2*o = 0. Let c be 0/(-3 - -6 - 4). Suppose -k = c, k = t*d + 2*k + 8. Determine y(d).
3
Let x(a) be the third derivative of a**5/60 - 7*a**4/24 + 2*a**3/3 + 5*a**2. Suppose 21 = 3*u - w, -3*u + 12 = -0*w + 2*w. Calculate x(u).
-2
Let u(i) be the second derivative of i**5/20 + i**4/2 + i**3/3 + 5*i**2/2 + 3*i. Let o = 515 + -521. Calculate u(o).
-7
Suppose -5*j + 22 = 2*q - 10*j, 4*q = 3*j + 16. Let f(l) = -35*l**2 + l. Give f(q).
-34
Let i(y) = y**3 - 4*y**2 + y + 3. Let l(p) = p + 8. Let k be (-55)/3 - (-18)/(-27). Let r = -24 - k. Let g be l(r). What is i(g)?
-3
Let i(x) = 3*x**2 - x + 1. Let h(f) = 14*f**2 - 15*f - 5. Let r(k) = -h(k) + 5*i(k). What is r(-8)?
-6
Let n(v) = v + 1. Let b(t) = -3*t - 5. Let g = -16 - -15. Let m(p) = g*b(p) - 5*n(p). Calculate m(2).
-4
Let h(l) = 2*l**3 + 8*l**2 - 3*l - 16. Let b be h(-4). Let t(r) = 8*r + 3. Calculate t(b).
-29
Let i(a) = -a + 1. Let p(w) = w**2 - 3*w + 11. Let y(x) = 2*i(x) - p(x). Let b(n) = -2*n**3 - 2*n**2 + 12*n. Suppose 6*v + 19 = 1. Let l be b(v). What is y(l)?
-9
Let g(q) be the first derivative of -q**3/3 + 5*q**2 - 7*q - 208. Determine g(6).
17
Let t be 0*1/(-2) + 0. Let v(j) be the third derivative of -j**5/60 + j**4/24 - 5*j**3/3 - 2*j**2 + 14*j. Give v(t).
-10
Let a(z) be the second derivative of 0*z**3 + z - 9/2*z**2 + 0 + 1/12*z**4. Let p(r) be the first derivative of a(r). What is p(-1)?
-2
Let k(c) = c**3 + 6*c**2 + c + 55. Let l be k(-7). Let a(p) = -19*p**2 - p - 1. Calculate a(l).
-19
Let z(f) = -4*f**3 + 3*f + 2. Let r(p) be the first derivative of p**4/4 - p**2/2 + 19. Let d(t) = -2*r(t) - z(t). Determine d(2).
12
Let s(p) = -p**2 - p + 1. Let j(i) = -i**3 + 6*i**2 - 9*i + 6. Let f be